ase 12?
-7b5575
What is c3d504 (base 14) in base 16?
64cbe0
816708 (base 10) to base 13
227979
-510067 (base 8) to base 9
-275386
522400255 (base 6) to base 7
140125343
-1222123311 (base 4) to base 10
-435957
Convert -1343303 (base 6) to base 5.
-4412202
Convert -24300022 (base 6) to base 5.
-144113323
Convert -1b2a82 (base 15) to base 6.
-44223552
What is 1144401 (base 6) in base 2?
1110110011010001
What is -16bcb (base 13) in base 6?
-534345
551211421 (base 6) to base 16
967a05
Convert -22231440 (base 5) to base 4.
-233310132
Convert -4a7a21 (base 12) to base 13.
-337798
What is -2b201b (base 12) in base 3?
-1101001022212
-14400150 (base 6) to base 12
-200056
Convert -53421762 (base 8) to base 2.
-101011100010001111110010
What is -440154131 (base 6) in base 2?
-11101111101010101000111
Convert 2061893 (base 11) to base 7.
42611625
3a2688 (base 14) to base 8
7512700
Convert 7043c (base 14) to base 6.
5440502
Convert -3190ee (base 16) to base 6.
-153342422
Convert -20134034 (base 5) to base 4.
-213133221
Convert -49566 (base 10) to base 12.
-24826
-121031030 (base 4) to base 11
-70629
Convert 32019 (base 15) to base 14.
41b61
-20132232 (base 5) to base 4
-213130133
-140201330 (base 5) to base 2
-10101101001111010110
Convert -668862 (base 11) to base 9.
-2004042
Convert 937600 (base 10) to base 14.
1a5996
What is -25303221 (base 7) in base 15?
-3028e9
Convert 239966 (base 10) to base 15.
4b17b
27077145 (base 8) to base 13
13430b3
Convert -1020102011000 (base 3) to base 4.
-2200210002
Convert -13055445 (base 6) to base 11.
-272321
42131 (base 9) to base 16
6ca3
-111120201020000 (base 3) to base 14
-d5c66b
What is 111023212 (base 4) in base 6?
1505354
Convert -60c9c3 (base 13) to base 5.
-1034141202
What is 1033122202 (base 4) in base 7?
2523226
Convert -568676 (base 9) to base 15.
-6b083
Convert -24301022 (base 6) to base 2.
-10111100000000000110
What is 140312302 (base 5) in base 4?
2232023230
1352503 (base 9) to base 15
ea359
Convert 21aa78 (base 15) to base 5.
402333423
4721634 (base 8) to base 10
1287068
Convert -4459ab (base 14) to base 11.
-1345552
Convert 1934122 (base 10) to base 13.
529468
What is -437037 (base 10) in base 7?
-3500106
-726175 (base 8) to base 4
-322301331
What is -110110101011101111 (base 2) in base 3?
-102101020200
4226310 (base 10) to base 7
50631414
698630 (base 13) to base 10
2503436
1204875 (base 11) to base 14
3c9469
Convert -1001210212110 (base 3) to base 14.
-10a92a
Convert -668 (base 15) to base 2.
-10110101000
Convert 1856565 (base 13) to base 5.
4014012233
What is -8c5681 (base 13) in base 4?
-30223303330
Convert -1111111000101000 (base 2) to base 8.
-177050
2340dd (base 15) to base 8
6331555
What is -647f (base 16) in base 9?
-38255
Convert b7544b (base 12) to base 13.
7a31c2
-40241210 (base 6) to base 14
-219a3c
Convert -101240533 (base 6) to base 8.
-6524411
What is b5461 (base 14) in base 16?
6abad
What is 3442322 (base 10) in base 12?
11a0102
What is -198b4d (base 15) in base 10?
-1244548
Convert -703110 (base 8) to base 14.
-6026c
-10240131 (base 5) to base 7
-511254
What is 3234314 (base 6) in base 11?
aa55a
Convert -7b400 (base 12) to base 2.
-101000001110000000
What is 303419 (base 10) in base 3?
120102012202
What is -10022004 (base 5) in base 11?
-54910
What is -19c1a7 (base 14) in base 7?
-10536000
-658035 (base 9) to base 14
-a32cb
11120053 (base 7) to base 2
11101011000100010111
What is -122211221212 (base 3) in base 14?
-92083
2c98ba (base 14) to base 8
5754674
220a4 (base 11) to base 6
404230
-1560020 (base 7) to base 13
-77495
6554377 (base 8) to base 6
101413435
What is 11000101001001100 (base 2) in base 13?
36c38
What is 213300333 (base 4) in base 2?
100111110000111111
What is 41301321 (base 6) in base 2?
100100010100010110001
2033414 (base 5) to base 15
9e59
-35315 (base 7) to base 2
-10001101110101
What is 1146606 (base 8) in base 10?
314758
137258 (base 9) to base 15
19d85
Convert -334e3 (base 15) to base 5.
-20204423
110201211110 (base 3) to base 9
421743
Convert -3490716 (base 10) to base 12.
-1204110
Convert 1011101101011011 (base 2) to base 16.
bb5b
422383 (base 13) to base 7
16103041
Convert -312144 (base 9) to base 13.
-6644b
Convert -5337516 (base 8) to base 6.
-50314142
Convert -85b8c (base 15) to base 4.
-1213220202
Convert 2514e7 (base 15) to base 14.
343515
Convert -120110442 (base 5) to base 6.
-15445431
-305530243 (base 6) to base 8
-24214663
What is -110001011100110000010110 (base 2) in base 12?
-4411786
Convert -13030424 (base 5) to base 15.
-2795e
Convert -401204 (base 5) to base 15.
-3b54
What is -2110200200222 (base 3) in base 9?
-2420628
What is -4140134111 (base 5) in base 15?
-b34bc1
What is -25d84 (base 16) in base 2?
-100101110110000100
Convert 6761271 (base 9) to base 16.
3793c6
What is 3260063 (base 7) in base 12?
174098
8104 (base 9) to base 8
13435
What is -3c4bd7 (base 14) in base 9?
-3831811
Convert 53445542 (base 6) to base 5.
400432342
-182000 (base 11) to base 2
-1000100100100001001
What is -3201172 (base 8) in base 6?
-30135122
106108 (base 9) to base 8
174030
Convert -1b747a (base 13) to base 9.
-1278387
What is -7a0333 (base 14) in base 10?
-4149561
Convert -101110000100011001101010 (base 2) to base 5.
-11042423100
What is -153105100 (base 6) in base 13?
-890469
15050223 (base 7) to base 9
2610210
-769428 (base 15) to base 9
-11562252
Convert -eb40 (base 16) to base 8.
-165500
What is 102731 (base 11) in base 3?
22100210002
101110110111000001010 (base 2) to base 3
2220000022022
-302587 (base 10) to base 2
-1001001110111111011
8a830c (base 13) to base 14
613249
Convert -212101143 (base 5) to base 7.
-10412122
5442104 (base 6) to base 14
705a8
What is -1012110100 (base 3) in base 2?
-101110001101101
Convert b93b00 (base 12) to base 8.
13133560
What is 5bed6 (base 16) in base 15?
76874
-21894c (base 14) to base 6
-40215452
-57ab1b (base 14) to base 4
-23121122011
Convert 262531 (base 11) to base 14.
aa85b
Convert 101110111212 (base 3) to base 7.
1515305
Convert 20133002 (base 6) to base 10.
572186
-11110220221 (base 3) to base 2
-10101100001011001
Convert 151168 (base 12) to base 11.
222350
-fef69 (base 16) to base 9
-1861485
a13c2 (base 15) to base 3
221221020202
What is 13643a (base 11) in base 9?
354757
What is 438a4 (base 15) in base 14?
582b1
-1552542 (base 6) to base 11
-63681
b73874 (base 16) to base 11
6861496
115168 (base 12) to base 16
43fa0
What is c2612 (base 13) in base 5?
42120110
What is -365766 (base 11) in base 7?
-4626542
What is -123102304 (base 6) in base 3?
-11111022102011
Convert 13a7a (base 12) to base 10.
27454
What is 3122420 (base 7) in base 12?
161338
Convert 201212000121 (base 3) to base 7.
3215146
45556 (base 7) to base 9
16824
-1110113012 (base 4) to base 6
-11223422
-121113303 (base 4) to base 2
-11001010111110011
What is -3233534 (base 7) in base 14?
-a3d8b
-23210312223 (base 4) to base 15
-3ee1c9
31408 (base 11) to base 12
22582
What is -2101283 (base 12) in base 9?
-12634210
Convert -803307 (base 10) to base 12.
-328a63
85b433 (base 16) to base 6
511450431
What is 2830a1 (base 14) in base 13?
3993ab
What is -27ea (base 16) in base 10?
-10218
Convert -2dd197 (base 14) to base 9.
-3024853
What is 26727 (base 9) in base 13?
8305
What is -a4207 (base 11) in base 13?
-54240
What is -121232203 (base 4) in base 7?
-616141
Convert -2101834 (base 9) to base 5.
-241421324
What is 7dd427 (base 16) in base 12?
2918207
What is -21a07 (base 15) in base 6?
-2142454
-536034 (base 8) to base 16
-2bc1c
Convert 100222211022002 (base 3) to base 16.
510a07
103452634 (base 7) to base 13
1390162
What is 6444521 (base 7) in base 15?
107608
Convert -141100304 (base 5) to base 7.
-6064552
What is -2501563 (base 10) in base 13?
-69781c
Convert 1011101101111010111101 (base 2) to base 16.
2edebd
5af8aa (base 16) to base 9
12186161
-443023343 (base 5) to base 8
-7255016
What is -127145 (base 10) in base 8?
-370251
-1111101111000110001 (base 2) to base 12
-20a495
Convert cded (base 15) to base 3.
2012212121
Convert 4489313 (base 10) to base 11.
2596984
What is -11110010101010100 (base 2) in base 3?
-20022102122
-8d9773 (base 14) to base 9
-10068002
Convert 201014013 (base 5) to base 2.
11000010110100111000
9712d (base 15) to base 14
c6a74
Convert 122